 2*c**2 + 18*c + 9. Let t(u) = 2*u**2 - 26*u + 12. Let z = 24 + -12. Let m be t(z). What are the prime factors of b(m)?
3
Let c = 14723 - -4478. What are the prime factors of c?
7, 13, 211
Let u(z) = -4*z + 41. Let n be u(16). Suppose -w + 4 = 0, 199 + 609 = -4*p + 4*w. Let v = n - p. What are the prime factors of v?
5, 7
Let q(b) be the second derivative of -7*b**4/12 + b**3/3 + 15*b**2/2 + 4*b. Let i be q(5). Let s = 5 - i. List the prime factors of s.
5, 31
List the prime factors of 0 - -11 - 30896/(-2).
3, 5153
What are the prime factors of 688644/(-594)*51/(-2)?
17, 37, 47
Suppose 6*p - 10075 = -5*u + 3*p, p + 6059 = 3*u. Suppose -u = -2*l - l + 2*v, -2*l = 5*v - 1339. List the prime factors of l.
2, 3, 7
Let y be 12*(((-210)/8 - -4) + 2). List the prime factors of 35/(-28)*(3 + y).
2, 3, 5
Suppose -11948 = -4*a - 4*f, 13*f - 8*f - 5989 = -2*a. Suppose -17*z = -3*z - a. What are the prime factors of z?
3, 71
Let r(y) = -31*y - 7. Let v be 1020/16 - (-4)/16. Suppose -13*q - 1 = v. What are the prime factors of r(q)?
2, 37
Let v be (91/26)/((-1)/2). Let p be 12/(-42) - 3901/v. Let g = -386 + p. What are the prime factors of g?
3, 19
Let n be -5 + 2 + (-1 - (-8)/2). Suppose n*y - y = -7*y. Suppose 3*a = 12, y = -3*h + 4*h - 5*a - 32. List the prime factors of h.
2, 13
What are the prime factors of (261*-1)/(169224/(-7356) - -23)?
3, 29, 613
Let y(w) = -3*w**3 - 38*w**2 + 8*w - 37. Let a be y(-19). Suppose -18*x = -47*x + a. List the prime factors of x.
2, 5, 23
Let s = -12683 - -22473. List the prime factors of s.
2, 5, 11, 89
Suppose -2*w + 58194 = -5*y, -191*w + 186*w + 145470 = -5*y. What are the prime factors of w?
2, 7, 1039
Let t(b) = 53*b - 54. Let w(d) = -6*d + 47. Let h be w(6). List the prime factors of t(h).
23
What are the prime factors of 2/(-7) - (1030096/(-112) - 24)?
9221
Let p be ((-11)/(44/(-544)) - 8) + -2. Let z be -61 - (0 + 1 + -2). Let o = z + p. List the prime factors of o.
2, 3, 11
Let n = 23 - 24. Let y = 19 + n. List the prime factors of 6*y/8*(-12)/(-9).
2, 3
Suppose -756 = 4*l + 800. Let p = 561 + l. What are the prime factors of p?
2, 43
Let k(z) = -4 + 8*z + 6*z**2 - 10*z**2 + 7*z**2 + 2*z**2. Let f be k(6). Suppose -4*w + g + 513 = 6*g, -4*g = -2*w + f. List the prime factors of w.
2, 61
Suppose -42*t = 20316 - 718062. List the prime factors of t.
37, 449
Let k be (125/(-30) - (-2)/12)*-2. Suppose 4*h - 28 = -k. Suppose -2*l - 4*x = -46, -5*x + 44 = h*l - 3*l. List the prime factors of l.
3
Let q = 58 - 30. Suppose q*l = 22*l + 2292. List the prime factors of l.
2, 191
Suppose -1 = 2*f + 12*x - 15*x, 2*f + 2*x = -16. Let s(t) = -6*t + 6*t - 7*t - 13. What are the prime factors of s(f)?
2, 11
Suppose 135200 - 2028 = 26*z. What are the prime factors of z?
2, 13, 197
Let h = -556 - -1096. What are the prime factors of (h/24)/15 + 359/2?
181
Suppose 2*h + 19*h + 8*h - 320247 = 0. What are the prime factors of h?
3, 409
Let a = -5813 - -13709. List the prime factors of a.
2, 3, 7, 47
Let x = 64 + -61. Suppose 6*o = x*o + 270. Suppose 6*j - 336 = o. What are the prime factors of j?
71
Suppose -2652*w = -2641*w - 6298 - 55126. List the prime factors of w.
2, 349
Let u = 105614 + -57899. List the prime factors of u.
3, 5, 3181
Let x = 7 - 52. Let g = x + 49. Suppose -4*v = 0, g*c - 56 = -3*v + 8. List the prime factors of c.
2
Suppose 5*p - 74673 = 2*x, -p - 2*x + 59760 = 3*p. What are the prime factors of p?
3, 13, 383
Let l be (-76)/570 + (-153208)/15. What are the prime factors of l/(-14) - 24/(-56)?
2, 5, 73
Let k = 53 - 61. Let x be 40*-26*k/5. Suppose -13*q = -221 - x. What are the prime factors of q?
5, 29
Let m = 7553 - 6189. What are the prime factors of m?
2, 11, 31
Let i be (7 + 5)/(2*(-6)/8). Let u(a) = 3*a**2 - 5*a + 5. What are the prime factors of u(i)?
3, 79
Let u = -251 + 28528. What are the prime factors of u?
28277
Let g be (-7 - -8)/((-7)/(-21)). Suppose 2*i - 143 - 169 = -4*z, -4*z + 310 = g*i. What are the prime factors of z?
79
Suppose 3*o + 2*o - 75 = 0. Suppose -19*j + o*j - 8 = 0. What are the prime factors of 124 - (-1 + 1)/(-1) - j?
2, 3, 7
Let h(x) = 7*x**2 + 87*x + 33. Let w be h(-12). What are the prime factors of (w/9)/(2/(-2982))?
7, 71
Suppose 8*z - 7*z - 5 = 0. List the prime factors of -5 + 40/z + 242.
5, 7
Let w(u) = 80*u**2 - 106*u - 636. What are the prime factors of w(-6)?
2, 3, 5
Let c = 169903 + -84929. What are the prime factors of c?
2, 42487
Let q be 3 - ((-7 - -17) + -7). Suppose -14*d + 9*d - 5*w + 65 = q, -48 = -4*d - 5*w. List the prime factors of d.
17
Let f(l) = 493*l**2 + 54*l - 53. What are the prime factors of f(9)?
2, 20183
Suppose 4311 = q - 2*z, -4*q - 16*z + 17*z = -17230. What are the prime factors of q?
59, 73
Suppose 13*v - 15*v - 61089 = -11*p, -3*p + 5*v = -16674. What are the prime factors of p?
3, 617
Let k be (14/(-4))/1*2. Let b = k + 10. List the prime factors of 6/b*(52 - 3).
2, 7
Let d(a) be the third derivative of 7*a**5/120 - 11*a**4/24 - 4*a**3/3 - 45*a**2. Let o(t) be the first derivative of d(t). List the prime factors of o(10).
59
Let r be (-11)/(66/20)*-12. Suppose 5*a = -5*n + r, -n - 5*a + 18 = -2*a. Suppose g - 4*p = n*g - 156, -152 = -2*g - 5*p. What are the prime factors of g?
2, 43
Let p(z) = -3*z**3 - 120*z**2 + z + 129. What are the prime factors of p(-43)?
43, 389
Let x(i) = i**3 - 2*i**2. Let n(p) = -5*p**3 - 6*p**2 + 5*p + 7. Let d(j) = -n(j) - 4*x(j). What are the prime factors of d(-7)?
7, 53
Let j(f) = -11777*f + 388. What are the prime factors of j(-1)?
3, 5, 811
Let m(a) = 6509*a - 2798. What are the prime factors of m(5)?
151, 197
Let h(c) = 5*c - 7. Suppose j = 3*r + 2*r - 11, 2*r - 2*j - 6 = 0. Let f be h(r). Suppose 6*b - 324 = -f*b. List the prime factors of b.
2, 3
Suppose -61608 = -66*r + 58*r. List the prime factors of r.
3, 17, 151
Let d = 177 + 42. Let o(t) = t**3 + 10*t**2 - t - 10. Let f be o(-10). Suppose -x + k = -0*k - 66, f = -4*x - 5*k + d. List the prime factors of x.
61
Let y(i) = -25*i - 18. Let n be y(-12). Suppose z - n = 155. List the prime factors of z.
19, 23
Let x = 12372 + -8849. List the prime factors of x.
13, 271
Let r be 2/((-3)/(-4) - 80/64). Let u(q) = 122*q**2 + 13*q + 23. List the prime factors of u(r).
3, 641
Let t = -8800 - -24186. What are the prime factors of t?
2, 7, 157
Let p(q) = -133*q - 12. Let o be p(-15). Suppose -4*y = 5*f - o, y + 215 = 3*f - 968. List the prime factors of f.
5, 79
Suppose -2*a - 5 = -3. Let y = -826 + 825. List the prime factors of (y - a) + 1 + 146.
3, 7
Let v(b) = 4*b**3 + 3*b**2 + 5*b + 2. Suppose 6*z - 6 = -18. Let h be v(z). What are the prime factors of ((-90)/24)/(29/h - -1)?
3, 5, 7
Let y = -79 - -223. Let m be (3/(-6)*5)/((-2)/4). Suppose 2*b - m*b = -y. List the prime factors of b.
2, 3
Suppose -f - 3*f - 4*w = -1888, 2*f + 3*w - 946 = 0. Suppose -2*u + 2*p + f = 0, 5*u + 5*p = 1646 - 441. List the prime factors of u.
2, 7, 17
Let h = 13 - 35. Let l = -15 - h. Let r(i) = 4*i + 9. What are the prime factors of r(l)?
37
Suppose c - 27 = 2. Let u = -24 + c. Suppose 43 = -u*d + 188. What are the prime factors of d?
29
List the prime factors of -263 - -9126 - 2/1*20/(-8).
2, 3, 739
List the prime factors of 39164 - (0 + 4/(-3) - 1909/249).
43, 911
Let z = -10709 - -15675. List the prime factors of z.
2, 13, 191
Let b(f) = 2*f**3 - 45*f**2 + 134*f + 27. Let u be b(19). Suppose -2*h - 288 = -4*h. Let y = h - u. List the prime factors of y.
2, 7
Let r = 1157 + 463. Suppose 103*i = 109*i - r. List the prime factors of i.
2, 3, 5
Let m be 2*6/((-60)/(-35)). Let u be m + 586 - (1 - (4 + -1)). Suppose -4*h = h + 5*n - u, -h + 143 = -5*n. What are the prime factors of h?
3, 41
Let v be 34/17 - (0 + -2). Let c(p) be the second derivative of 5*p**4/12 + p**3/6 - 5*p**2/2 - 9*p. List the prime factors of c(v).
79
Suppose 5*z - 7*z + 10 = 0. Let p be 2 + -1 + -1 + -2 + z. Suppose 0 = -p*h + 6*h - 225. What are the prime factors of h?
3, 5
Suppose 0 = 3*g - 4 + 10. Suppose 2*m + 5 = -j, -4*m + 5*j - 3*j = -10. List the prime factors of g/(-1)*(7 + m).
2, 7
Let a(x) = -x**2 - 3*x + 20. Let z be ((-2)/(-4))/((119/84)/(-17)). Let w be a(z). What are the prime factors of w + -4 + 132 + 4?
2, 67
Let f(z) = -z + 29. Suppose 57 = 4*i + 3*s - 12, 4*i + 4*s = 68. Let d be f